rs of g?
2
Suppose -6*r = -11*r + 15. Let j(w) = w**2 - w - 3. Let v be j(r). Suppose -5*l - 26 = -2*u + 34, 3*u - 132 = -v*l. What are the prime factors of u?
2, 5
Let d = 160 + -156. Suppose 4*r - v = 244, d*r = -9*v + 4*v + 268. What are the prime factors of r?
2, 31
Suppose f + 3*f = 260. Let q(h) = -h**2 - 10*h + 11. Let n be q(4). Let c = n + f. List the prime factors of c.
2, 5
Let d be (0/(-1))/(0 + 1). Suppose 0 = -4*u - d*u. Suppose -p - 2*j + 13 = 0, u*j = -2*p + 2*j - 4. List the prime factors of p.
3
Let p be -14*(-5)/((-105)/54). List the prime factors of 1/3 - 1968/p.
5, 11
Suppose -24*b = -24758 - 32674. What are the prime factors of b?
2393
Let x be -3*(6 + -3)*-1. Let b be (-9)/(-12) + x/4. Suppose -2*r + 27 = -0*k - k, 49 = 4*r + b*k. List the prime factors of r.
13
Suppose 5*w + 119 = -u, -u - 38 = -2*w + 46. Let m = u + 160. What are the prime factors of m?
2, 3, 11
Let j = -36 + 40. List the prime factors of (-17)/(-3 - (-4 + (6 - j))).
17
Let c(u) = -u**3 + 12*u**2 + 11*u + 21. Let y be c(12). Let k = y + 11. Let b = -84 + k. List the prime factors of b.
2, 5
Suppose 5*o + 4*p = -20, -5*p = 2*o - 0*o + 25. Suppose 3*k = -o*k - 12. List the prime factors of (4/k)/(2/(-48)).
2, 3
Suppose -7*l + 11*l - 538 = -5*d, 4*d + 5*l - 425 = 0. What are the prime factors of d?
2, 5, 11
Let q(o) = 2*o - 9. Let m be q(6). Suppose -m*l + 23 = -4. Suppose l*c - 4*c = -4*z + 51, -3*z + 4*c + 46 = 0. List the prime factors of z.
2, 7
Suppose -2*i = -3*i + 4*r + 46, -4*r + 134 = 5*i. Suppose i = -3*z + 3*o, -4*z - 8 = 2*o + 20. What are the prime factors of 285/20 - 6/z?
3, 5
Let c(l) = 27*l + 19. What are the prime factors of c(20)?
13, 43
Let t(h) = 2910*h - 49. List the prime factors of t(1).
2861
Let c be -2 - -228 - (-6 - 15/(-3)). Let t = -38 + c. What are the prime factors of t?
3, 7
Let u be (-3 + 3 + -1)*-4. Suppose 87 = -u*w + 5*p + 488, -5*w + 490 = -4*p. What are the prime factors of w?
2, 47
Suppose -4*t = -2*n + 4*n - 252, 0 = -n + 4*t + 132. Suppose 2*b = o - n, -o + 2*o + 4*b = 104. What are the prime factors of o?
2, 3, 5
Let z(t) = -t**2 - 7*t - 6. Suppose -5*s - 25 = 5. Let k be z(s). Suppose k = 5*c + 2*g + 3*g - 35, 2*g - 6 = -c. What are the prime factors of c?
2
Let j be 384/40*(-40)/(-6). Suppose m = -4*h + 6*h - 13, -m - 3 = 0. List the prime factors of j/1 - (-3 + h).
2, 31
Let b(i) = 2*i**3 + 59*i**2 - 43*i - 45. What are the prime factors of b(-28)?
3511
Let v(o) = 2*o + 24. Let s be (-90)/8 - (-5)/20. Let g be v(s). Suppose g*j - 65 = 5*d, 3*d - 240 = j - 6*j. What are the prime factors of j?
3, 5
Suppose -m + 3*r = 14, 0 = -2*m - r - 0*r. List the prime factors of (-3)/m*(-320)/(-6).
2, 5
Let a(f) = -f - 5. Let h be a(-6). Suppose -20 = -4*u + 8. Suppose 3*q = -s + h, -s + q = -2 - u. List the prime factors of s.
7
Let p = -76 + 81. Suppose 180 = p*f - f. What are the prime factors of f?
3, 5
Suppose 0 = 6*u + 11 - 119. Suppose 9*f + 558 = u*f. What are the prime factors of f?
2, 31
Let s = 590 + -34. List the prime factors of s.
2, 139
Suppose 17*r = 4639 + 10831. List the prime factors of r.
2, 5, 7, 13
Suppose f + 3*c = -7, -4*f + 2 = 2*c - 0. Suppose -2*p + f*m + 38 = 0, -5*p + 93 = -5*m + 2*m. What are the prime factors of p?
2, 3
Suppose -10200 = -11*i - 6*i. List the prime factors of i.
2, 3, 5
Let o be (14/(-3))/((-2)/3). Suppose 0 = 5*f - o*f + 116. List the prime factors of f.
2, 29
List the prime factors of (607/3)/(15/495*11).
607
Suppose 5*z - 20 = l, 5*z - 4*l = 26 - 6. Suppose 0 = -x + z*x - 207. Suppose g + x = 4*g. What are the prime factors of g?
23
Let m(o) = 35*o + 8. Let n be 4/(-10)*(-5)/1. List the prime factors of m(n).
2, 3, 13
Let c(x) = 42*x - 7. Let s = 43 + -38. What are the prime factors of c(s)?
7, 29
Let q(y) = y**3 - 7*y**2 + y. Let n be q(8). Let h = n - 63. What are the prime factors of h?
3
Let m = -278 - -575. Suppose 5*o = -2*y + m, 3*y - 2*y - 2*o - 126 = 0. List the prime factors of y.
2, 17
Let f(k) = -k**2 + 3*k + 5. Let a be f(5). Let b(p) be the third derivative of p**5/30 - p**4/6 + p**3/6 - 140*p**2. What are the prime factors of b(a)?
71
List the prime factors of -4 - (-427 + -4 + 4) - -4.
7, 61
Suppose -5*g + 378 + 29 = t, 0 = -2*t + 4*g + 786. What are the prime factors of t?
397
Suppose -187 = -33*l + 16*l. Suppose -3*w + 4*w - 3*x + 22 = 0, -3*x + 6 = 0. Let a = l - w. What are the prime factors of a?
3
Suppose 0 = -h - 2*b + 2, -6 = -4*h + 4*b + 14. Suppose 3*w = h*w - 3. Suppose -6*d + w*d = -75. List the prime factors of d.
5
Let g = 3020 + -2143. What are the prime factors of g?
877
Let c(n) = -542*n - 41. List the prime factors of c(-2).
7, 149
Let o(z) = -z**3 - 6*z**2 - 19*z - 39. What are the prime factors of o(-15)?
3, 757
Let w = 79 - 74. Suppose -3*d - 2*m = -0*m - 239, w*m + 108 = d. List the prime factors of d.
83
Let q(x) = x**2 - 10*x + 21. Let s be q(7). Suppose s = -3*o + 2*d + 318, -339 = -3*o - 4*d - d. List the prime factors of o.
2, 3
Let o(v) = -v**3 + 4*v**2 + v - 1. Let y be o(4). Let i = y - -1. Suppose -72 = -i*x + 8. List the prime factors of x.
2, 5
Suppose -p + 3483 = 305. What are the prime factors of p?
2, 7, 227
Let f(p) = p**2 + 4*p - 43. Let v be f(-9). Suppose -2*o - v*o - 2*a + 548 = 0, 5*o = -2*a + 685. What are the prime factors of o?
137
Let w(f) = 4 + 5 - 2*f**2 - f**2 + 2*f**2 + 6*f. Let z be w(7). What are the prime factors of z*24/(-15)*-5?
2
Let b = 21 + -33. Let a(x) = x**2 + 9*x - 9. What are the prime factors of a(b)?
3
Suppose 0 = -12*l + 30534 + 3726. What are the prime factors of l?
5, 571
Let f(d) be the third derivative of -d**6/60 - d**5/60 + d**4/12 + 12*d**2. Let a be f(-2). Suppose -a*t + 10*t = 24. What are the prime factors of t?
2, 3
Suppose 3*o - 3444 = -3*y, 0 = -3*o + 7*o - 2*y - 4580. What are the prime factors of o?
2, 3, 191
Suppose 5*v = -3*k + 466, -2*k + 309 = 5*v - 2*v. Suppose 0 = -t - 3*t - 5*b + 121, 0 = 5*t + 2*b - k. Let h = t + -17. What are the prime factors of h?
2, 3
Suppose 9*t - 6*t + 4*c - 60 = 0, 0 = -3*c. Suppose 2*v = t + 168. What are the prime factors of v?
2, 47
Let g = -2676 + 6898. What are the prime factors of g?
2, 2111
Let g = 0 - -2. Suppose g*p - 4 = -0*p. Suppose -38 = -3*r + a, 4*r - 54 = -0*r - p*a. List the prime factors of r.
13
Suppose -3*f = -y - 476, 4*f - 5*f - 2*y = -161. List the prime factors of f.
3, 53
Let v(q) = -q**2 + 2*q + 4. Let s be v(0). Let i be -159 + ((-8)/(-2) - s). Let k = -91 - i. List the prime factors of k.
2, 17
Suppose -q + 9 = b, -2*q = -0*q - 4*b - 6. Suppose -o + 14 = q. Let w(a) = 9*a + 5. List the prime factors of w(o).
2, 17
Suppose 5*i + 4*w = i + 3532, 0 = -5*i + 3*w + 4423. What are the prime factors of i?
2, 13, 17
Let s = 62 - 1. Suppose -4*b + 7 + s = 0. Suppose 0 = -5*y + 103 + b. What are the prime factors of y?
2, 3
Let b(y) = -y - 6. Let w be b(-8). Suppose -w*m + 44 = -4. What are the prime factors of m?
2, 3
Let w = -3948 + 1976. Let q be 1/(w/492 + 4). Let t = q + 183. List the prime factors of t.
2, 3, 5
Let b = 2602 - 2567. What are the prime factors of b?
5, 7
Suppose 3*d = 7*d. Suppose 4*c + 3*p - 471 = d, 2*p - 118 = -c + p. List the prime factors of c.
3, 13
Let z(b) = -b - 15. Let o be z(-16). Let p(l) = 91*l**3 - 1. Let w be p(o). Suppose 6*h - h = w. List the prime factors of h.
2, 3
Suppose 0 = -2*k + 2 + 2. Suppose 0 = 5*o - k*n - 173, -4*o + 109 + 3 = 5*n. What are the prime factors of o?
3, 11
Let y = 11 - 16. Let k(d) = -d**2 - 6*d - 3. Let p be k(y). Suppose -t = p*l - 9, -2*l + 2*t + 2 = -4. What are the prime factors of l?
2
Suppose 2*b - 6 = -2*u, 5*u - 3 = b - 0*b. Suppose 5*z + 20 = 0, p = -b*z - 3*z + 12. What are the prime factors of p?
2
What are the prime factors of 1113 + (30/(-27))/(6/(-27))?
2, 13, 43
Let c be -24*((-33)/4)/11. Let y(t) = t + 15. List the prime factors of y(c).
3, 11
Let a(z) = z - 17. Let q be a(13). Let t(c) = -4*c + 3*c - 4*c**2 - 2 + 9*c**2 - 4 + c**3. What are the prime factors of t(q)?
2, 7
Let j = -230 - -1077. Let b = j - 539. What are the prime factors of b?
2, 7, 11
List the prime factors of (-5 - 1)*(4 - (-14924)/(-39)).
2, 71
Let i(d) = d + 12. Let z be i(-12). Let v be (8 + -2)*2/4. Suppose -2*j - m + 18 = 0, -2*j + 3*j + v*m - 9 = z. List the prime factors o